
7
Calculate the greatest common factor of 195 and 15.
15
Calculate the highest common divisor of 215 and 68155.
215
Calculate the greatest common divisor of 42 and 174.
6
What is the highest common factor of 52 and 4?
4
Calculate the greatest common factor of 27 and 225.
9
Calculate the highest common factor of 1018 and 4.
2
What is the highest common divisor of 326 and 7335?
163
Calculate the highest common factor of 4437 and 116.
29
Calculate the highest common factor of 72 and 1062.
18
Calculate the greatest common divisor of 2482 and 119.
17
Calculate the greatest common factor of 3006 and 18.
18
What is the greatest common factor of 95 and 152?
19
Calculate the greatest common divisor of 425 and 595.
85
Calculate the highest common factor of 3800 and 20.
20
What is the greatest common factor of 13 and 2587?
13
Calculate the highest common factor of 9 and 78264.
9
Calculate the highest common factor of 60 and 708.
12
Calculate the highest common factor of 1746 and 18.
18
Calculate the greatest common divisor of 36 and 24.
12
What is the greatest common factor of 650 and 2158?
26
Calculate the greatest common factor of 522 and 36.
18
What is the greatest common factor of 45 and 1050?
15
What is the greatest common divisor of 107 and 4708?
107
Calculate the greatest common factor of 8063 and 33.
11
What is the greatest common divisor of 141 and 9212?
47
Calculate the greatest common factor of 60 and 1158.
6
Calculate the highest common divisor of 255 and 270.
15
What is the greatest common divisor of 92 and 1380?
92
Calculate the greatest common divisor of 175 and 14.
7
What is the highest common factor of 430 and 50?
10
What is the highest common factor of 729 and 27?
27
Calculate the highest common factor of 53 and 3.
1
Calculate the greatest common factor of 8150 and 50.
50
What is the highest common divisor of 132 and 9?
3
Calculate the greatest common factor of 196 and 532.
28
Calculate the highest common factor of 200 and 150.
50
Calculate the highest common factor of 890 and 4.
2
Calculate the greatest common divisor of 276 and 12.
12
What is the highest common divisor of 4 and 128?
4
Calculate the greatest common factor of 21 and 812.
7
Calculate the highest common factor of 1881 and 1683.
99
Calculate the highest common factor of 56 and 238.
14
What is the highest common divisor of 378 and 6615?
189
What is the greatest common factor of 1378 and 234?
26
Calculate the greatest common factor of 123 and 1148.
41
Calculate the highest common divisor of 99 and 7029.
99
What is the highest common divisor of 1 and 23?
1
What is the greatest common divisor of 72 and 18756?
36
What is the highest common factor of 114 and 209?
19
What is the greatest common divisor of 126 and 114?
6
Calculate the greatest common divisor of 144 and 10.
2
What is the greatest common factor of 65 and 13?
13
Calculate the highest common factor of 915 and 465.
15
Calculate the highest common factor of 60 and 33315.
15
Calculate the greatest common divisor of 4169 and 44.
11
Calculate the greatest common factor of 273 and 63.
21
What is the highest common divisor of 18 and 2184?
6
Calculate the greatest common divisor of 65 and 39.
13
Calculate the highest common factor of 1012 and 44.
44
Calculate the greatest common divisor of 2788 and 680.
68
What is the highest common divisor of 2064 and 946?
86
What is the highest common factor of 10 and 490?
10
Calculate the highest common factor of 912 and 5244.
228
What is the greatest common divisor of 3 and 4?
1
What is the highest common factor of 165 and 2739?
33
What is the greatest common divisor of 57 and 261?
3
Calculate the greatest common factor of 2178 and 36.
18
Calculate the highest common factor of 575 and 4715.
115
What is the greatest common divisor of 17869 and 107?
107
Calculate the highest common divisor of 1175 and 47.
47
What is the greatest common factor of 182 and 806?
26
What is the highest common divisor of 33 and 3993?
33
What is the highest common divisor of 505 and 10504?
101
What is the highest common factor of 85 and 595?
85
Calculate the highest common divisor of 2178 and 6050.
242
What is the highest common factor of 840 and 255?
15
What is the highest common factor of 75 and 4325?
25
What is the greatest common divisor of 10 and 14?
2
What is the highest common factor of 52 and 104?
52
What is the highest common factor of 56 and 3248?
56
Calculate the greatest common divisor of 116 and 319.
29
What is the highest common factor of 952 and 595?
119
What is the highest common divisor of 53 and 31429?
53
What is the highest common divisor of 224 and 182?
14
What is the greatest common factor of 29026 and 46?
46
Calculate the highest common divisor of 174 and 1160.
58
What is the highest common divisor of 405 and 270?
135
Calculate the highest common divisor of 14 and 17150.
14
Calculate the highest common divisor of 17658 and 162.
162
Calculate the greatest common divisor of 36 and 1920.
12
Calculate the greatest common divisor of 1422 and 90.
18
Calculate the greatest common divisor of 36 and 564.
12
Calculate the highest common divisor of 7003 and 447.
149
Calculate the highest common divisor of 2923 and 632.
79
What is the greatest common divisor of 250 and 20?
10
What is the greatest common divisor of 2521 and 1?
1
What is the greatest common factor of 4268 and 388?
388
Calculate the greatest common factor of 126 and 306.
18
Calculate the highest common divisor of 16694 and 34.
34
What is the greatest common divisor of 448 and 42?
14
Calculate the highest common factor of 21 and 3.
3
What is the highest common divisor of 200 and 15?
5
Calculate the greatest common factor of 95 and 855.
95
Calculate the highest common divisor of 34 and 1394.
34
What is the highest common factor of 885 and 6?
3
What is the highest common divisor of 234 and 3822?
78
What is the greatest common factor of 1470 and 20?
10
Calculate the highest common divisor of 282 and 9118.
94
Calculate the highest common divisor of 144 and 63.
9
What is the highest common factor of 56 and 1246?
14
What is the highest common factor of 1210 and 10?
10
Calculate the highest common divisor of 308 and 1760.
44
What is the highest common factor of 885 and 118?
59
Calculate the greatest common factor of 287 and 14.
7
What is the highest common divisor of 4085 and 285?
95
Calculate the greatest common factor of 243 and 9.
9
What is the greatest common divisor of 95850 and 30?
30
Calculate the highest common divisor of 13608 and 162.
162
Calculate the greatest common factor of 14 and 2702.
14
Calculate the highest common divisor of 55 and 715.
55
Calculate the highest common factor of 23123 and 19.
19
What is the highest common divisor of 2770 and 10?
10
Calculate the highest common factor of 112 and 304.
16
What is the greatest common factor of 111 and 19203?
111
What is the greatest common factor of 305 and 2867?
61
Calculate the highest common factor of 20 and 260.
20
What is the greatest common factor of 413 and 133?
7
Calculate the greatest common factor of 40 and 33560.
40
Calculate the greatest common divisor of 40 and 2500.
20
Calculate the highest common factor of 324 and 4.
4
What is the greatest common factor of 110 and 374?
22
Calculate the highest common factor of 40806 and 18.
18
Calculate the greatest common factor of 20397 and 39.
39
Calculate the greatest common divisor of 75 and 75.
75
What is the greatest common divisor of 22 and 12254?
22
What is the highest common divisor of 15 and 2595?
15
Calculate the greatest common factor of 423 and 18.
9
What is the greatest common divisor of 38 and 1216?
38
What is the highest common factor of 8 and 104?
8
What is the highest common divisor of 21 and 4431?
21
What is the highest common divisor of 805 and 63?
7
What is the highest common divisor of 54806 and 134?
134
Calculate the highest common factor of 171 and 882.
9
Calculate the greatest common divisor of 87 and 9.
3
Calculate the highest common factor of 300 and 24.
12
Calculate the greatest common factor of 17375 and 139.
139
Calculate the greatest common divisor of 45 and 63.
9
Calculate the greatest common divisor of 45 and 15.
15
What is the greatest common factor of 50 and 125?
25
What is the greatest common fa